1 prime?
True
Is 213860201073 composite?
True
Is 15779565401 a prime number?
True
Is 1941307021 prime?
True
Is 583073867 prime?
True
Is 18073622999 a composite number?
True
Is 4408985011 a prime number?
True
Is 644357867 a composite number?
False
Is 1483275691 a composite number?
True
Is 1936524899 a prime number?
False
Is 1143840553 composite?
True
Is 2103193093 composite?
False
Is 9888741323 a prime number?
False
Is 5777158979 composite?
True
Is 396056369 a prime number?
True
Is 7437887 prime?
True
Is 8957258837 a prime number?
True
Is 68513836351 a composite number?
True
Is 7235440439 a composite number?
False
Is 3918497477 a prime number?
True
Is 1896646163 a composite number?
False
Is 35003151377 prime?
True
Is 6437367347 composite?
False
Is 40102104127 a composite number?
True
Is 19202130799 composite?
False
Is 4383786093 a prime number?
False
Is 13367819537 prime?
True
Is 49447952699 a composite number?
True
Is 55210709 prime?
False
Is 4911936331 a prime number?
True
Is 10965204821 composite?
True
Is 566389783 a composite number?
True
Is 5852433293 a prime number?
False
Is 2684171801 a prime number?
True
Is 198049801 composite?
False
Is 2307691811 a prime number?
True
Is 4474580923 a prime number?
True
Is 1283451361 prime?
False
Is 943825993 a composite number?
True
Is 20696879185 a composite number?
True
Is 5822611547 prime?
True
Is 4028902427 composite?
True
Is 15678934799 a prime number?
False
Is 4532780143 a composite number?
False
Is 3085313173 prime?
False
Is 9246273401 a composite number?
True
Is 3462344779 prime?
False
Is 24959568203 composite?
False
Is 4600880111 prime?
False
Is 939505987 a prime number?
False
Is 6958099887 composite?
True
Is 1153743193 prime?
True
Is 37197151 prime?
True
Is 124108943611 a composite number?
False
Is 52697994053 prime?
False
Is 1430435411 composite?
True
Is 8488235909 composite?
False
Is 2043751181 a prime number?
False
Is 12445588787 composite?
False
Is 1108786345 composite?
True
Is 2120156939 a composite number?
False
Is 13670523467 composite?
False
Is 47407883869 a composite number?
False
Is 15024579743 composite?
False
Is 201199244797 a prime number?
False
Is 62955105953 a composite number?
True
Is 88445617226 a composite number?
True
Is 45598575739 a prime number?
True
Is 153110340349 a prime number?
False
Is 645766493 prime?
False
Is 315079613 a prime number?
True
Is 268711939 a composite number?
True
Is 13489471651 a prime number?
False
Is 12420997637 prime?
False
Is 43842774959 a composite number?
False
Is 6807737111 prime?
False
Is 1297923967 a prime number?
False
Is 6378316081 prime?
True
Is 1519194497 a prime number?
True
Is 177007977589 composite?
False
Is 31299706231 a prime number?
False
Is 1937439554 prime?
False
Is 51684042469 a prime number?
False
Is 35212899749 composite?
False
Is 200860994 composite?
True
Is 5856327803 prime?
False
Is 22892974681 a composite number?
False
Is 4241753897 a prime number?
True
Is 3107275709 prime?
True
Is 1769551769 composite?
True
Is 1811354681 a composite number?
False
Is 3970805723 composite?
False
Is 1596320659 a prime number?
False
Is 18351138497 a composite number?
False
Is 4084050863 composite?
False
Is 56153826347 prime?
False
Is 817424437 composite?
False
Is 84486251 a prime number?
False
Is 67933553 a prime number?
True
Is 380059817 prime?
True
Is 9226687726 prime?
False
Is 12354472498 composite?
True
Is 158522363 prime?
False
Is 4674757163 a composite number?
False
Is 640989749 prime?
True
Is 7461850901 a composite number?
False
Is 5932762657 composite?
False
Is 62637071587 composite?
False
Is 31817647973 composite?
True
Is 1088887771 a composite number?
True
Is 2345118071 prime?
True
Is 6255361097 a prime number?
True
Is 53199053 composite?
True
Is 9560499383 a composite number?
False
Is 856760991 composite?
True
Is 32365195157 composite?
True
Is 877023239 a composite number?
False
Is 626738537 a composite number?
False
Is 7047615271 a composite number?
True
Is 646266329 a composite number?
False
Is 112296397027 a composite number?
True
Is 636186953 composite?
False
Is 7447589533 composite?
False
Is 2030923259 composite?
False
Is 2006088557 a composite number?
True
Is 141783044281 prime?
True
Is 11309556019 prime?
True
Is 609462679 a prime number?
False
Is 636563945 a composite number?
True
Is 3178485551 composite?
True
Is 123032969 a composite number?
True
Is 448437389 a composite number?
False
Is 22508306913 composite?
True
Is 1767066023 composite?
False
Is 14143154819 prime?
False
Is 49156558391 prime?
True
Is 1990680361 a composite number?
True
Is 24445494155 a prime number?
False
Is 773477843 composite?
True
Is 272560787 a composite number?
True
Is 46621899949 a prime number?
False
Is 3307967947 prime?
True
Is 9302626733 a composite number?
False
Is 948929743 a prime number?
True
Is 6839040587 a composite number?
True
Is 76359679313 prime?
False
Is 12443165533 composite?
False
Is 3121976197 a composite number?
False
Is 2361776947 a composite number?
False
Is 336383637665 composite?
True
Is 1317387391 composite?
True
Is 44226250377 prime?
False
Is 11098850083 a composite number?
True
Is 332393737981 a prime number?
False
Is 1247165449 prime?
False
Is 5533678147 a prime number?
True
Is 101355766697 a prime number?
True
Is 2057384801 composite?
False
Is 6905569807 a composite number?
True
Is 10087632383 a prime number?
True
Is 372077633 prime?
True
Is 213100879 a composite number?
True
Is 16200645271 a prime number?
False
Is 58050144329 prime?
True
Is 1844667001 a prime number?
False
Is 447562147 a composite number?
False
Is 124945625047 a prime number?
True
Is 124439953 composite?
True
Is 30138900809 composite?
False
Is 206086457121 a prime number?
False
Is 3142162189 a composite number?
False
Is 597402510901 composite?
True
Is 386123191 a prime number?
True
Is 940555937 prime?
False
Is 226349021 a prime number?
False
Is 143466313 prime?
True
Is 213802334 a composite number?
True
Is 1533697259 prime?
True
Is 192503627 prime?
True
Is 1144757681 prime?
True
Is 274448562727 a prime number?
False
Is 124446739 a prime number?
False
Is 113369408349 a composite number?
True
Is 378895457 composite?
False
Is 40430963171 prime?
True
Is 8485911503 composite?
True
Is 24924600257 a composite number?
False
Is 15311273077 a composite number?
True
Is 118172790733 a composite number?
True
Is 2765233309 a prime number?
False
Is 58045534973 composite?
False
Is 16349660581 a prime number?
True
Is 1055273579 composite?
True
Is 13909638317 a composite number?
True
Is 11148088121 prime?
True
Is 756962593 a composite number?
False
Is 10406160601 a prime number?
True
Is 27295562419 a composite number?
True
Is 1518489361 a composite number?
True
Is 2509644797 composite?
True
Is 7612924369 a prime number?
True
Is 2287148293 a prime number?
True
Is 53989300423 prime?
True
Is 14716397741 composite?
False
Is 853670369 a composite number?
True
Is 2750621147 a prime number?
True
Is 6045627769 composite?
False
Is 2351731609 a prime number?
True
Is 29081346677 a prime number?
False
Is 6293850247 prime?
True
Is 338777303 composite?
False
Is 3961782151 a prime number?
True
Is 14705509801 prime?
True
Is 5922388963 composite?
True
Is 19958779097 a composite number?
False
Is 49964138603 a prime number?
True
Is 2463305737 composite?
True
Is 2873943901 composite?
False
Is 2763270869 a prime number?
True
Is 19984153505 prime?
False
Is 20529276297 a prime number?
False
Is 11287219861 prime?
False
Is 8914372427 a prime number?
True
Is 72174079 prime?
False
Is 8101945489 a composite number?
True
Is 1597269863 prime?
False
Is 243456853 a composite number?
True
Is 98673232843 composite?
False
Is 415905037 composite?
True
Is 21357187571 prime?
False
Is 4381619317 composite?
True
Is 3945588065 a composite number?
True
Is 186554173361 a prime number?
False
Is 4238719529 prime?
False
Is 23306623 a composite number?
False
Is 174016457 composite?
True
Is 793630511 a prime number?
True
Is 23813133158 a prime number?
False
Is 2779478959 a prime number?
True
Is 2928052837 a composite number?
False
Is 19801915763 prime?
False
Is 6605524483 composite?
False
Is 498211981 prime?
False
Is 13787242043 a prime number?
False
Is 1917845911 a prime number?
False
Is 3087515323 prime?
True
Is 4